to base 14.
-213756
-1111101000110101101011 (base 2) to base 6
-223510511
Convert 4505505 (base 9) to base 13.
66ba65
What is 22133120310 (base 4) in base 5?
1201000004
Convert 31201253 (base 6) to base 13.
257937
Convert -542a40 (base 12) to base 14.
-269624
-101101011001101110 (base 2) to base 15
-3a17b
30211451 (base 6) to base 8
3211727
What is 38450 (base 9) in base 4?
12110130
521e2 (base 16) to base 12
142796
Convert -5c7585 (base 14) to base 8.
-14060161
What is 240b78b (base 12) in base 15?
93052e
What is -23033206 (base 7) in base 6?
-111014001
Convert -115550 (base 15) to base 13.
-22cbb1
Convert 14664 (base 10) to base 13.
68a0
Convert -173105 (base 10) to base 5.
-21014410
13431423 (base 8) to base 5
1233341411
Convert 907958 (base 10) to base 4.
3131222312
37686 (base 16) to base 6
4510410
What is 200001001 (base 4) in base 16?
20041
30302343 (base 5) to base 7
2034441
Convert -6331050 (base 7) to base 4.
-2322133320
What is 10101011100110 (base 3) in base 12?
726470
778076 (base 14) to base 10
4055736
Convert 6276b (base 13) to base 9.
288752
-392a (base 15) to base 8
-27636
-699d4 (base 14) to base 9
-431653
What is 10131202140 (base 5) in base 11?
5972318
-4725c (base 16) to base 3
-112210202100
92256 (base 15) to base 12
1a3a76
-654020 (base 7) to base 11
-78909
What is 3554321 (base 6) in base 15?
3a30d
-797730 (base 10) to base 12
-325796
240410433 (base 6) to base 10
4511541
-255702 (base 8) to base 12
-4362a
-1561200 (base 7) to base 5
-23412111
What is 1102202010001 (base 3) in base 13?
20916a
Convert -bb6328 (base 14) to base 16.
-60fb10
What is -2121334034 (base 5) in base 4?
-101011320013
What is -1691ab6 (base 13) in base 8?
-33720304
Convert 205b2b (base 16) to base 3.
10222201202201
Convert 1260656 (base 7) to base 15.
342be
-443503552 (base 6) to base 4
-132211133330
Convert -330133 (base 8) to base 11.
-76181
2445322 (base 7) to base 2
1001100101010011000
Convert 49130 (base 11) to base 13.
26243
What is 24640a1 (base 11) in base 5?
2043434412
-3301875 (base 9) to base 15
-250495
Convert -36143005 (base 7) to base 6.
-152401104
Convert -2110000000100 (base 3) to base 16.
-13d28f
428951 (base 13) to base 4
11331031301
What is 204103130 (base 5) in base 7?
10126143
2493b9 (base 13) to base 14
18b9b8
621905 (base 11) to base 15
14aa93
Convert -7f3406 (base 16) to base 5.
-4113231030
What is -284490 (base 10) in base 11?
-184818
Convert 262716 (base 8) to base 6.
1544022
What is -10101101000 (base 3) in base 8?
-202061
Convert -a6a7 (base 13) to base 8.
-55121
Convert 36132 (base 13) to base 7.
561564
Convert 1101011000011111010 (base 2) to base 5.
103013042
242301425 (base 7) to base 2
111001101000111110100011
-2330322032 (base 4) to base 14
-161db8
1c14cc (base 13) to base 3
1100102122000
58aa24 (base 12) to base 7
15100405
What is 71760 (base 10) in base 3?
10122102210
65722 (base 13) to base 8
546412
-2bca4a (base 14) to base 2
-101110110010011111010
Convert -1100100010010110000101 (base 2) to base 7.
-36635233
-1350b8 (base 12) to base 9
-536635
Convert 1562031 (base 7) to base 13.
778aa
Convert -245550 (base 12) to base 9.
-1088326
What is 97201 (base 11) in base 12?
69955
Convert 17529 (base 13) to base 3.
2021111000
Convert -44440000 (base 7) to base 8.
-16517100
Convert -d3efd (base 16) to base 10.
-868093
36333145 (base 7) to base 14
60305c
What is -371ddb (base 16) in base 9?
-6714810
What is 5600562 (base 9) in base 6?
144320132
What is -22232335 (base 6) in base 2?
-10100100010110100011
What is -94072 (base 12) in base 8?
-572126
What is -44444 (base 7) in base 8?
-25704
What is 185647 (base 16) in base 3?
10000000212021
What is 366aba (base 13) in base 14?
25bc06
Convert -526061 (base 8) to base 5.
-21101103
Convert 2c603f (base 16) to base 2.
1011000110000000111111
-4333444433 (base 5) to base 8
-43317333
What is -8b0e (base 16) in base 8?
-105416
Convert 2307501 (base 10) to base 9.
4306260
Convert 51a3197 (base 12) to base 5.
12420012210
What is -21121132 (base 4) in base 10?
-38494
18a64a4 (base 12) to base 11
2a2914a
-202211021100 (base 3) to base 8
-1440450
What is 11010010000111100101 (base 2) in base 7?
10213112
Convert -235a62 (base 13) to base 12.
-346854
What is 104384 (base 10) in base 3?
12022012002
What is 6218168 (base 10) in base 15?
82c648
-2321001313 (base 4) to base 2
-10111001000001110111
Convert -2b86bb (base 13) to base 4.
-10012210231
What is -2ab0c0 (base 14) in base 2?
-101101011110011110000
-484c19 (base 14) to base 2
-1001011011100000100111
111041 (base 12) to base 6
5452121
What is 4613c0 (base 13) in base 10?
1659398
What is -400613 (base 7) in base 2?
-10000011111001100
What is -a2356 (base 12) in base 15?
-42929
What is 3423240 (base 6) in base 5?
21040113
-26552820 (base 9) to base 7
-216134661
What is -163203261 (base 7) in base 5?
-10320000130
a34b (base 13) to base 6
252204
Convert -a16065 (base 12) to base 5.
-1121111001
What is -1010001111001001 (base 2) in base 7?
-233146
37858b (base 13) to base 2
101000101010001110110
Convert 3343654 (base 7) to base 12.
17b93a
Convert 466823 (base 9) to base 4.
1010200131
24156 (base 15) to base 16
1c170
3443344300 (base 5) to base 15
a3e3a0
What is 1000010001111001011101 (base 2) in base 8?
10217135
What is 111011100001001 (base 2) in base 15?
9068
What is 2200100112012 (base 3) in base 16?
15baf8
What is -2647508 (base 11) in base 6?
-242042030
What is -10200020012001 (base 3) in base 5?
-1000000002
Convert -646375 (base 8) to base 5.
-23410232
Convert 27749a (base 13) to base 4.
3222003213
What is 20374442 (base 8) in base 3?
22010122220000
1366452 (base 9) to base 8
2676073
What is 1292947 (base 10) in base 16?
13ba93
Convert 10100001322 (base 4) to base 10.
1114234
Convert -11011001001001100110 (base 2) to base 13.
-251acc
What is -10001110000000101001 (base 2) in base 7?
-4641561
What is -56134044 (base 7) in base 9?
-10110543
Convert -223021311 (base 4) to base 13.
-625b9
-3311333113 (base 5) to base 16
-6ce592
-101000100111010001 (base 2) to base 12
-80329
5754505 (base 8) to base 9
2841860
Convert 110102001101020 (base 3) to base 7.
110024565
Convert 654786 (base 11) to base 6.
34225320
Convert 3791542 (base 10) to base 11.
215a707
Convert -21112120002011 (base 3) to base 13.
-aa38c3
What is a1ea17 (base 16) in base 5?
10204024343
Convert -390b9 (base 15) to base 7.
-1356564
-bbb5 (base 13) to base 10
-26174
Convert -98043 (base 16) to base 2.
-10011000000001000011
-12614504 (base 7) to base 3
-2012010022012
What is -10010111001111111000 (base 2) in base 12?
-25a620
-1413205244 (base 6) to base 2
-1000001101111001110011100
Convert -1169678 (base 10) to base 3.
-2012102111102
What is 1808cc (base 14) in base 11?
52931a
What is -14c364 (base 14) in base 4?
-2301001210
1334987 (base 11) to base 14
4400d3
20000222120 (base 3) to base 9
200876
Convert -11206311 (base 8) to base 14.
-472c41
Convert 55371 (base 13) to base 14.
4039b
What is 2166608 (base 10) in base 4?
20100331100
55178 (base 11) to base 15
18acb
Convert -1772444 (base 8) to base 15.
-a47c3
What is -133331201 (base 4) in base 14?
-359cd
Convert 17367308 (base 9) to base 12.
2b0918b
24102200 (base 5) to base 3
102021202201
What is 22104005 (base 6) in base 13?
1a231c
Convert 708725 (base 9) to base 13.
1190a8
What is -427203 (base 8) in base 11?
-98471
Convert 1010100222222 (base 3) to base 14.
117bc7
-12202221 (base 6) to base 14
-a1c45
4429a4 (base 12) to base 13
2bc021
Convert -150125215 (base 6) to base 5.
-1242401302
Convert 1010100010011 (base 2) to base 16.
1513
Convert -509638 (base 12) to base 7.
-13500164
What is -22382 (base 9) in base 12?
-8755
3261565 (base 7) to base 9
671804
What is -23514155 (base 6) in base 8?
-2647127
Convert 302045350 (base 6) to base 5.
2303413222
-4530031 (base 8) to base 5
-303142404
What is -102341531 (base 6) in base 10?
-1801855
What is -234403044 (base 5) in base 12?
-447468
What is 3105153 (base 7) in base 4?
1122231210
-1673c (base 16) to base 7
-532055
What is -3050433 (base 6) in base 4?
-203302311
What is 37b059 (base 13) in base 3?
2111222110022
-131303112 (base 4) to base 14
-326b4
Convert -11463320 (base 7) to base 11.
-63a3a4
Convert -2112101111 (base 3) to base 11.
-34503
What is -3a6077 (base 15) in base